{"id":304,"date":"2025-05-27T15:05:37","date_gmt":"2025-05-27T13:05:37","guid":{"rendered":"https:\/\/arcanajdr.fr\/?page_id=304"},"modified":"2025-06-01T13:46:33","modified_gmt":"2025-06-01T11:46:33","slug":"les-peuples-darcana","status":"publish","type":"page","link":"https:\/\/arcanajdr.fr\/index.php\/le-jeu-de-role\/les-peuples-darcana\/","title":{"rendered":"Les Peuples d&#8217;Arcana"},"content":{"rendered":"\n<h2 class=\"wp-block-heading has-large-font-size\">Arcaniens et Arcaniennes<\/h2>\n\n\n\n<div class=\"wp-block-media-text is-stacked-on-mobile\"><figure class=\"wp-block-media-text__media\"><img loading=\"lazy\" decoding=\"async\" width=\"681\" height=\"1024\" src=\"https:\/\/arcanajdr.fr\/wp-content\/uploads\/2024\/10\/IMGP2089-681x1024.jpg\" alt=\"\" class=\"wp-image-182 size-full\" srcset=\"https:\/\/arcanajdr.fr\/wp-content\/uploads\/2024\/10\/IMGP2089-681x1024.jpg 681w, https:\/\/arcanajdr.fr\/wp-content\/uploads\/2024\/10\/IMGP2089-199x300.jpg 199w, https:\/\/arcanajdr.fr\/wp-content\/uploads\/2024\/10\/IMGP2089-768x1155.jpg 768w, https:\/\/arcanajdr.fr\/wp-content\/uploads\/2024\/10\/IMGP2089-1021x1536.jpg 1021w, https:\/\/arcanajdr.fr\/wp-content\/uploads\/2024\/10\/IMGP2089-1362x2048.jpg 1362w, https:\/\/arcanajdr.fr\/wp-content\/uploads\/2024\/10\/IMGP2089-scaled.jpg 1702w\" sizes=\"auto, (max-width: 681px) 100vw, 681px\" \/><\/figure><div class=\"wp-block-media-text__content\">\n<p style=\"font-size:22px\">Les Arcaniens dominent en nombre et en influence. Leur peau varie du noir \u00e9b\u00e8ne au gris p\u00e2le, et leur pilosit\u00e9 phosphorescente \u00e9claire leurs traits. L&#8217;Empire Arcanien, dirig\u00e9 par l&#8217;Arcanaseln, s&#8217;\u00e9tend gr\u00e2ce \u00e0 ses l\u00e9gions disciplin\u00e9es et \u00e0 sa diplomatie habile. La Conf\u00e9d\u00e9ration Arcan\u00e9enne, qu&#8217;ils pr\u00e9sident, \u0153uvre pour l&#8217;unit\u00e9 des peuples sous l&#8217;\u00e9gide du Dragon, le Premier Enfant.<\/p>\n<\/div><\/div>\n\n\n\n<hr class=\"wp-block-separator has-alpha-channel-opacity\"\/>\n\n\n\n<h2 class=\"wp-block-heading has-large-font-size\">Evis<\/h2>\n\n\n\n<div class=\"wp-block-media-text has-media-on-the-right is-stacked-on-mobile\"><div class=\"wp-block-media-text__content\">\n<p style=\"font-size:22px\">Les Evis ressemblent aux Arcaniens, mais leur peau est d\u2019un gris p\u00e2le.<br>Ils naissent d\u2019un rituel arcanique qui attache une \u00c2me fournie par la Dame Morte \u00e0 un Corps sans vie.<br>Ils s\u2019\u00e9veillent sans souvenirs, dans des institutions Imp\u00e9riales appel\u00e9es Maisons Evis, o\u00f9 on leur r\u00e9apprend \u00e0 vivre. Form\u00e9s \u00e0 lire, \u00e9crire, combattre, et ob\u00e9ir, ils deviennent la main discr\u00e8te de l\u2019Empire envers qui ils ont une dette de Vie.<\/p>\n<\/div><figure class=\"wp-block-media-text__media\"><img loading=\"lazy\" decoding=\"async\" width=\"683\" height=\"1024\" src=\"https:\/\/arcanajdr.fr\/wp-content\/uploads\/2025\/05\/IMG9787-copie-683x1024.jpg\" alt=\"\" class=\"wp-image-388 size-full\" srcset=\"https:\/\/arcanajdr.fr\/wp-content\/uploads\/2025\/05\/IMG9787-copie-683x1024.jpg 683w, https:\/\/arcanajdr.fr\/wp-content\/uploads\/2025\/05\/IMG9787-copie-200x300.jpg 200w, https:\/\/arcanajdr.fr\/wp-content\/uploads\/2025\/05\/IMG9787-copie-768x1152.jpg 768w, https:\/\/arcanajdr.fr\/wp-content\/uploads\/2025\/05\/IMG9787-copie-1024x1536.jpg 1024w, https:\/\/arcanajdr.fr\/wp-content\/uploads\/2025\/05\/IMG9787-copie-1365x2048.jpg 1365w, https:\/\/arcanajdr.fr\/wp-content\/uploads\/2025\/05\/IMG9787-copie-scaled.jpg 1707w\" sizes=\"auto, (max-width: 683px) 100vw, 683px\" \/><\/figure><\/div>\n\n\n\n<hr class=\"wp-block-separator has-alpha-channel-opacity\"\/>\n\n\n\n<h2 class=\"wp-block-heading has-large-font-size\">Flivins et Flivaines<\/h2>\n\n\n\n<div class=\"wp-block-media-text is-stacked-on-mobile\"><figure class=\"wp-block-media-text__media\"><img loading=\"lazy\" decoding=\"async\" width=\"1024\" height=\"683\" src=\"https:\/\/arcanajdr.fr\/wp-content\/uploads\/2025\/05\/IMG3524-flivin2-1024x683.jpg\" alt=\"\" class=\"wp-image-263 size-full\" srcset=\"https:\/\/arcanajdr.fr\/wp-content\/uploads\/2025\/05\/IMG3524-flivin2-1024x683.jpg 1024w, https:\/\/arcanajdr.fr\/wp-content\/uploads\/2025\/05\/IMG3524-flivin2-300x200.jpg 300w, https:\/\/arcanajdr.fr\/wp-content\/uploads\/2025\/05\/IMG3524-flivin2-768x512.jpg 768w, https:\/\/arcanajdr.fr\/wp-content\/uploads\/2025\/05\/IMG3524-flivin2-1536x1024.jpg 1536w, https:\/\/arcanajdr.fr\/wp-content\/uploads\/2025\/05\/IMG3524-flivin2-2048x1365.jpg 2048w\" sizes=\"auto, (max-width: 1024px) 100vw, 1024px\" \/><\/figure><div class=\"wp-block-media-text__content\">\n<p style=\"font-size:22px\">Petits f\u00e9lins bigarr\u00e9s, les Flivins sont r\u00e9put\u00e9s pour leur agilit\u00e9 et leur malice. Leurs guildes marchandes, v\u00e9ritables familles choisies, prosp\u00e8rent au sein de l&#8217;Empire. Gardiens d&#8217;une tradition orale s\u00e9culaire, ils enchantent par leurs r\u00e9cits et leur curiosit\u00e9 insatiable.<\/p>\n<\/div><\/div>\n\n\n\n<hr class=\"wp-block-separator has-alpha-channel-opacity\"\/>\n\n\n\n<h2 class=\"wp-block-heading has-large-font-size\">Tracals et Mi-Plumes<\/h2>\n\n\n\n<div class=\"wp-block-media-text has-media-on-the-right is-stacked-on-mobile\"><div class=\"wp-block-media-text__content\">\n<p style=\"font-size:22px\">Seigneurs du ciel, les Tracals, aux ailes majestueuses et au plumage \u00e9clatant, r\u00e8gnent depuis leurs Tours Tracales, bastions suspendus entre ciel et terre. Les Mi-Plumes, hybrides d&#8217;Arcanien et de Tracal, poss\u00e8dent le don \u00e9ph\u00e9m\u00e8re de la transformation ail\u00e9e, mais restent en marge d&#8217;une soci\u00e9t\u00e9 qui ne reconna\u00eet que ceux qui volent.<\/p>\n<\/div><figure class=\"wp-block-media-text__media\"><img loading=\"lazy\" decoding=\"async\" width=\"681\" height=\"1024\" src=\"https:\/\/arcanajdr.fr\/wp-content\/uploads\/2024\/10\/IMGP2334-681x1024.jpg\" alt=\"\" class=\"wp-image-194 size-full\" srcset=\"https:\/\/arcanajdr.fr\/wp-content\/uploads\/2024\/10\/IMGP2334-681x1024.jpg 681w, https:\/\/arcanajdr.fr\/wp-content\/uploads\/2024\/10\/IMGP2334-199x300.jpg 199w, https:\/\/arcanajdr.fr\/wp-content\/uploads\/2024\/10\/IMGP2334-768x1155.jpg 768w, https:\/\/arcanajdr.fr\/wp-content\/uploads\/2024\/10\/IMGP2334-1021x1536.jpg 1021w, https:\/\/arcanajdr.fr\/wp-content\/uploads\/2024\/10\/IMGP2334-1362x2048.jpg 1362w, https:\/\/arcanajdr.fr\/wp-content\/uploads\/2024\/10\/IMGP2334-scaled.jpg 1702w\" sizes=\"auto, (max-width: 681px) 100vw, 681px\" \/><\/figure><\/div>\n\n\n\n<hr class=\"wp-block-separator has-alpha-channel-opacity\"\/>\n\n\n\n<h2 class=\"wp-block-heading has-large-font-size\">Elpivs<\/h2>\n\n\n\n<div class=\"wp-block-media-text is-stacked-on-mobile\"><figure class=\"wp-block-media-text__media\"><img loading=\"lazy\" decoding=\"async\" width=\"1024\" height=\"683\" src=\"https:\/\/arcanajdr.fr\/wp-content\/uploads\/2025\/05\/IMG6798-copie-1024x683.jpg\" alt=\"\" class=\"wp-image-269 size-full\" srcset=\"https:\/\/arcanajdr.fr\/wp-content\/uploads\/2025\/05\/IMG6798-copie-1024x683.jpg 1024w, https:\/\/arcanajdr.fr\/wp-content\/uploads\/2025\/05\/IMG6798-copie-300x200.jpg 300w, https:\/\/arcanajdr.fr\/wp-content\/uploads\/2025\/05\/IMG6798-copie-768x512.jpg 768w, https:\/\/arcanajdr.fr\/wp-content\/uploads\/2025\/05\/IMG6798-copie-1536x1024.jpg 1536w, https:\/\/arcanajdr.fr\/wp-content\/uploads\/2025\/05\/IMG6798-copie-2048x1365.jpg 2048w\" sizes=\"auto, (max-width: 1024px) 100vw, 1024px\" \/><\/figure><div class=\"wp-block-media-text__content\">\n<p style=\"font-size:22px\">Peuple rare et \u00e9nigmatique, les Elpivs vivent dans le Sanctuaire d&#8217;\u00c9ternit\u00e9, une mangrove empreinte de songes. Dirig\u00e9s par une lign\u00e9e ininterrompue de Reines, ils ma\u00eetrisent les Arca avec une aisance incomparable. Leur fragilit\u00e9 physique contraste avec leur puissance \u00e9th\u00e9rique, et ils \u00e9vitent les contacts non consentis pour pr\u00e9server leur harmonie int\u00e9rieure.<\/p>\n<\/div><\/div>\n\n\n\n<hr class=\"wp-block-separator has-alpha-channel-opacity\"\/>\n\n\n\n<h2 class=\"wp-block-heading has-large-font-size\">Sirokas<\/h2>\n\n\n\n<div class=\"wp-block-media-text has-media-on-the-right is-stacked-on-mobile\"><div class=\"wp-block-media-text__content\">\n<p style=\"font-size:22px\">Les Sirokas sont des guerri\u00e8res aux corps \u00e9cailleux et aux yeux d&#8217;ambre. Issues du d\u00e9sert vitrifi\u00e9 du Ca\u00efl, elles se divisent entre le Culte H\u00e9ro\u00efque, qui les lie \u00e0 Selene, et le Culte Stellaire, qui les dit n\u00e9es des \u00e9toiles. Anciennes esclaves, elles ont conquis leur libert\u00e9 et sont d\u00e9sormais des citoyennes Siro-Arcaniennes redout\u00e9es et respect\u00e9es.<\/p>\n<\/div><figure class=\"wp-block-media-text__media\"><img loading=\"lazy\" decoding=\"async\" width=\"1024\" height=\"683\" src=\"https:\/\/arcanajdr.fr\/wp-content\/uploads\/2025\/05\/IMG4123-siroka2-1024x683.jpg\" alt=\"\" class=\"wp-image-331 size-full\" srcset=\"https:\/\/arcanajdr.fr\/wp-content\/uploads\/2025\/05\/IMG4123-siroka2-1024x683.jpg 1024w, https:\/\/arcanajdr.fr\/wp-content\/uploads\/2025\/05\/IMG4123-siroka2-300x200.jpg 300w, https:\/\/arcanajdr.fr\/wp-content\/uploads\/2025\/05\/IMG4123-siroka2-768x512.jpg 768w, https:\/\/arcanajdr.fr\/wp-content\/uploads\/2025\/05\/IMG4123-siroka2-1536x1024.jpg 1536w, https:\/\/arcanajdr.fr\/wp-content\/uploads\/2025\/05\/IMG4123-siroka2-2048x1365.jpg 2048w\" sizes=\"auto, (max-width: 1024px) 100vw, 1024px\" \/><\/figure><\/div>\n\n\n\n<hr class=\"wp-block-separator has-alpha-channel-opacity\"\/>\n\n\n\n<h2 class=\"wp-block-heading has-large-font-size\">Ar\u2019Gowargs<\/h2>\n\n\n\n<div class=\"wp-block-media-text is-stacked-on-mobile\"><figure class=\"wp-block-media-text__media\"><img loading=\"lazy\" decoding=\"async\" width=\"683\" height=\"1024\" src=\"https:\/\/arcanajdr.fr\/wp-content\/uploads\/2024\/02\/IMG6964-683x1024.jpg\" alt=\"\" class=\"wp-image-109 size-full\" srcset=\"https:\/\/arcanajdr.fr\/wp-content\/uploads\/2024\/02\/IMG6964-683x1024.jpg 683w, https:\/\/arcanajdr.fr\/wp-content\/uploads\/2024\/02\/IMG6964-200x300.jpg 200w, https:\/\/arcanajdr.fr\/wp-content\/uploads\/2024\/02\/IMG6964-768x1151.jpg 768w, https:\/\/arcanajdr.fr\/wp-content\/uploads\/2024\/02\/IMG6964-1025x1536.jpg 1025w, https:\/\/arcanajdr.fr\/wp-content\/uploads\/2024\/02\/IMG6964-scaled.jpg 1709w\" sizes=\"auto, (max-width: 683px) 100vw, 683px\" \/><\/figure><div class=\"wp-block-media-text__content\">\n<p style=\"font-size:22px\">Descendants de Vargo le Loup, les Ar\u2019Gowargs naissent li\u00e9s \u00e0 un compagnon lupin qui partage leur Destin. Leurs Corps, orn\u00e9s de tatouages bioluminescents, racontent leurs exploits. Leur rite de passage consiste en la chasse d&#8217;un Tracal, perp\u00e9tuant une inimiti\u00e9 ancestrale avec les Grands Oiseaux.<\/p>\n<\/div><\/div>\n","protected":false},"excerpt":{"rendered":"<p>Arcaniens et Arcaniennes Les Arcaniens dominent en nombre et en influence. Leur peau varie du noir \u00e9b\u00e8ne au gris p\u00e2le, et leur pilosit\u00e9 phosphorescente \u00e9claire leurs traits. L&#8217;Empire Arcanien, dirig\u00e9 par l&#8217;Arcanaseln, s&#8217;\u00e9tend gr\u00e2ce \u00e0 ses l\u00e9gions disciplin\u00e9es et \u00e0 <a class=\"more-link\" href=\"https:\/\/arcanajdr.fr\/index.php\/le-jeu-de-role\/les-peuples-darcana\/\">Read More &#8230;<\/a><\/p>\n","protected":false},"author":1,"featured_media":333,"parent":21,"menu_order":0,"comment_status":"closed","ping_status":"closed","template":"","meta":{"footnotes":""},"class_list":["post-304","page","type-page","status-publish","has-post-thumbnail","hentry"],"_links":{"self":[{"href":"https:\/\/arcanajdr.fr\/index.php\/wp-json\/wp\/v2\/pages\/304","targetHints":{"allow":["GET"]}}],"collection":[{"href":"https:\/\/arcanajdr.fr\/index.php\/wp-json\/wp\/v2\/pages"}],"about":[{"href":"https:\/\/arcanajdr.fr\/index.php\/wp-json\/wp\/v2\/types\/page"}],"author":[{"embeddable":true,"href":"https:\/\/arcanajdr.fr\/index.php\/wp-json\/wp\/v2\/users\/1"}],"replies":[{"embeddable":true,"href":"https:\/\/arcanajdr.fr\/index.php\/wp-json\/wp\/v2\/comments?post=304"}],"version-history":[{"count":8,"href":"https:\/\/arcanajdr.fr\/index.php\/wp-json\/wp\/v2\/pages\/304\/revisions"}],"predecessor-version":[{"id":415,"href":"https:\/\/arcanajdr.fr\/index.php\/wp-json\/wp\/v2\/pages\/304\/revisions\/415"}],"up":[{"embeddable":true,"href":"https:\/\/arcanajdr.fr\/index.php\/wp-json\/wp\/v2\/pages\/21"}],"wp:featuredmedia":[{"embeddable":true,"href":"https:\/\/arcanajdr.fr\/index.php\/wp-json\/wp\/v2\/media\/333"}],"wp:attachment":[{"href":"https:\/\/arcanajdr.fr\/index.php\/wp-json\/wp\/v2\/media?parent=304"}],"curies":[{"name":"wp","href":"https:\/\/api.w.org\/{rel}","templated":true}]}}